{"id":44,"date":"2011-11-11T21:13:09","date_gmt":"2011-11-11T20:13:09","guid":{"rendered":"http:\/\/www.warndtdom.de\/?page_id=44"},"modified":"2023-06-03T19:37:25","modified_gmt":"2023-06-03T17:37:25","slug":"lauteordnung","status":"publish","type":"page","link":"http:\/\/warndtdom.de\/?page_id=44","title":{"rendered":"L\u00e4uteordnung"},"content":{"rendered":"<p>V = Vorl\u00e4uten 30 min vorher<br \/>\nH = Hauptl\u00e4uten 15 min vorher<br \/>\nW = Wegl\u00e4uten am Schluss<br \/>\nN = Nachl\u00e4uten am Schluss<\/p>\n<p>&#8211;&gt; gel\u00e4utet wird immer aufbauend von der kleinsten zur gr\u00f6\u00dften Glocke in Abst\u00e4nden von 10 sec (Ausnahme: Sterbeamt und Allerseelen)<\/p>\n<table cellspacing=\"1\" cellpadding=\"5\" border=\"1\" align=\"center\">\n<tbody>\n<tr>\n<td>&nbsp;<\/td>\n<td>St. Paulinus Lauterbach<\/td>\n<\/tr>\n<tr>\n<td rowspan=\"3\">Sonntag<br \/>\n(einschl. Vorabend)<\/td>\n<td>V: 2 (5 min)<\/td>\n<\/tr>\n<tr>\n<td>H: 4 &#8211; 3 &#8211; 2 &#8211; 1 (5 min)<\/td>\n<\/tr>\n<tr>\n<td>&#8211;&gt; in der Advents- und Fastenzeit schweigt die Glocke 1<\/td>\n<\/tr>\n<tr>\n<td rowspan=\"3\">Hochfest<br \/>\n(einschl. Vorabend)<\/td>\n<td>V: 2 &#8211; 3 (5 min)<\/td>\n<\/tr>\n<tr>\n<td>H: 4 &#8211; 3 &#8211; 2 &#8211; 1 (10 min)<\/td>\n<\/tr>\n<tr>\n<td>N: 4 &#8211; 3 &#8211; 2 &#8211; 1 (5 min)<\/td>\n<\/tr>\n<tr>\n<td rowspan=\"2\">Werktag<\/td>\n<td>V: 2 (5 min)<\/td>\n<\/tr>\n<tr>\n<td>H: 3 &#8211; 2 (5 min)<\/td>\n<\/tr>\n<tr>\n<td rowspan=\"2\">Werktag<br \/>\n(Andacht &amp; Totengebet)<\/td>\n<td>V: entf\u00e4llt<\/td>\n<\/tr>\n<tr>\n<td>H: 3 &#8211; 2 (5 min)<\/td>\n<\/tr>\n<tr>\n<td rowspan=\"2\">Werktag<br \/>\n(zum Festtag erhobene)<\/td>\n<td>V: 2 (5 min)<\/td>\n<\/tr>\n<tr>\n<td>H: 4 &#8211; 3 &#8211; 2 (7 min)<\/td>\n<\/tr>\n<tr>\n<td rowspan=\"2\">Werktag<br \/>\n(mit vorheriger Anbetung)<\/td>\n<td>H: 3 &#8211; 2 (5 min)<\/td>\n<\/tr>\n<tr>\n<td>H: entsprechend d. Ordnung<\/td>\n<\/tr>\n<tr>\n<td rowspan=\"3\">Sterbeamt<br \/>\n(und Allerseelen)<\/td>\n<td>V: 1 (5 min)<\/td>\n<\/tr>\n<tr>\n<td>H: 1 &#8211; 2 &#8211; 3 (5 min)<\/td>\n<\/tr>\n<tr>\n<td>W: 1 (5 min)<\/td>\n<\/tr>\n<tr>\n<td rowspan=\"2\">Taufe<\/td>\n<td>V: entf\u00e4llt<\/td>\n<\/tr>\n<tr>\n<td>H: 4 &#8211; 3 &#8211; 2 (5 min)<\/td>\n<\/tr>\n<tr>\n<td rowspan=\"3\">Trauung<\/td>\n<td>V: entf\u00e4llt<\/td>\n<\/tr>\n<tr>\n<td>H: 4 &#8211; 3 &#8211; 2 (5 min)<\/td>\n<\/tr>\n<tr>\n<td>N: 4 &#8211; 3 &#8211; 2 (5 min)<\/td>\n<\/tr>\n<tr>\n<td>Zum Te Deum<\/td>\n<td>4 &#8211; 3 &#8211; 2 &#8211; 1<\/td>\n<\/tr>\n<tr>\n<td>Zum Magnificat<\/td>\n<td>1<\/td>\n<\/tr>\n<tr>\n<td>Tod eines Gemeindemitglieds (Bekanntwerden)<\/td>\n<td>4 &#8211; 3 &#8211; 2 &#8211; 1 (5 min)<\/td>\n<\/tr>\n<\/tbody>\n<\/table>\n<p><strong>Hochfeste des Herrn<\/strong><\/p>\n<ul>\n<li>Das \u00d6sterliche Triduum (Gr\u00fcndonnerstagabend, Karfreitag, Karsamstag, Ostersonntag) (beweglicher Festtermin)<\/li>\n<li>Geburt des Herrn (Weihnachten) (25. Dezember)<\/li>\n<li>Christi Himmelfahrt (40. Tag nach Ostern)<\/li>\n<li>Pfingsten (50. Tag nach Ostern)<\/li>\n<li>Dreifaltigkeitsfest (Sonntag nach Pfingsten)<\/li>\n<li>Fronleichnam (Donnerstag der 2. Woche nach Pfingsten)<\/li>\n<li>Herz-Jesu-Fest (Freitag der 3. Woche nach Pfingsten)<\/li>\n<li>Erscheinung des Herrn (6. Januar)<\/li>\n<li>Verk\u00fcndigung des Herrn (25. M\u00e4rz)<\/li>\n<li>Christk\u00f6nigsfest (letzter Sonntag im Jahreskreis)<\/li>\n<\/ul>\n<p><strong>Hochfeste der Gottesmutter<\/strong><\/p>\n<ul>\n<li>Hochfest der Gottesmutter Maria (1. Januar)<\/li>\n<li>Hochfest der Aufnahme Mariens in den Himmel (15. August)<\/li>\n<li>Hochfest der ohne Erbs\u00fcnde empfangenen Jungfrau und Gottesmutter Maria (8. Dezember)<\/li>\n<\/ul>\n<p><strong>Hochfeste der Heiligen<\/strong><\/p>\n<ul>\n<li>Hochfest des Hl. Josef (19. M\u00e4rz)<\/li>\n<li>Geburt des Hl. Johannes des T\u00e4ufers (24. Juni)<\/li>\n<li>Hochfest der Hl. Apostel Petrus und Paulus (29. Juni)<\/li>\n<li>Allerheiligen (1. November)<\/li>\n<\/ul>\n<p><strong>Eigenhochfest<\/strong><\/p>\n<ul>\n<li>Patrozinum &amp; Kirchweihfest am 31. August<br \/>\n(am 1. Sonntag im September)<\/li>\n<\/ul>\n<p>&nbsp;<\/p>\n<p>&nbsp;<\/p>\n","protected":false},"excerpt":{"rendered":"<p>V = Vorl\u00e4uten 30 min vorher H = Hauptl\u00e4uten 15 min vorher W = Wegl\u00e4uten am Schluss N = Nachl\u00e4uten am Schluss &#8211;&gt; gel\u00e4utet wird immer aufbauend von der kleinsten zur gr\u00f6\u00dften Glocke in Abst\u00e4nden von 10 sec (Ausnahme: Sterbeamt &hellip; <a href=\"http:\/\/warndtdom.de\/?page_id=44\">Weiterlesen <span class=\"meta-nav\">&rarr;<\/span><\/a><\/p>\n","protected":false},"author":1,"featured_media":0,"parent":0,"menu_order":0,"comment_status":"closed","ping_status":"closed","template":"","meta":{"ngg_post_thumbnail":0,"footnotes":""},"class_list":["post-44","page","type-page","status-publish","hentry"],"_links":{"self":[{"href":"http:\/\/warndtdom.de\/index.php?rest_route=\/wp\/v2\/pages\/44","targetHints":{"allow":["GET"]}}],"collection":[{"href":"http:\/\/warndtdom.de\/index.php?rest_route=\/wp\/v2\/pages"}],"about":[{"href":"http:\/\/warndtdom.de\/index.php?rest_route=\/wp\/v2\/types\/page"}],"author":[{"embeddable":true,"href":"http:\/\/warndtdom.de\/index.php?rest_route=\/wp\/v2\/users\/1"}],"replies":[{"embeddable":true,"href":"http:\/\/warndtdom.de\/index.php?rest_route=%2Fwp%2Fv2%2Fcomments&post=44"}],"version-history":[{"count":21,"href":"http:\/\/warndtdom.de\/index.php?rest_route=\/wp\/v2\/pages\/44\/revisions"}],"predecessor-version":[{"id":957,"href":"http:\/\/warndtdom.de\/index.php?rest_route=\/wp\/v2\/pages\/44\/revisions\/957"}],"wp:attachment":[{"href":"http:\/\/warndtdom.de\/index.php?rest_route=%2Fwp%2Fv2%2Fmedia&parent=44"}],"curies":[{"name":"wp","href":"https:\/\/api.w.org\/{rel}","templated":true}]}}