{"id":419,"date":"2012-03-14T01:00:28","date_gmt":"2012-03-14T00:00:28","guid":{"rendered":"http:\/\/www.warndtdom.de\/?page_id=419"},"modified":"2017-10-02T19:12:20","modified_gmt":"2017-10-02T17:12:20","slug":"angeluslauten","status":"publish","type":"page","link":"http:\/\/warndtdom.de\/?page_id=419","title":{"rendered":"Angelusl\u00e4uten"},"content":{"rendered":"<p>Das L\u00e4uten der Kirchenglocken fr\u00fchmorgens, mittags und abends wird nach katholischer Tradition von einem Gebet begleitet, das &#8222;<strong>Angelus<\/strong>&#8220; genannt wird. Dieses Gebet beginnt mit &#8222;Der Engel des Herrn&#8220;, es hat nach den lateinischen Anfangsworten (= angelus domini) seinen Namen.<\/p>\n<p>Das Angelusl\u00e4uten im Warndtdom erfolgt morgens um 8.00 Uhr, mittags um 12.00 Uhr und abends um 18.00 Uhr mit der kleinsten Glocke (Schutzengelglocke). Dieses L\u00e4uten ist unabh\u00e4ngig von den Gottesdiensten, da es von einer Tagesschaltuhr gesteuert wird. Die Schutzengelglocke wurde f\u00fcr diese Aufgabe ausgew\u00e4hlt, weil sie keine Funktion im Schlagwerk der Turmuhr inne hat und es somit auch keine Komplikationen mit der Mechanik der Uhr geben kann.<\/p>\n<p><strong>Aufbau des Angelus Gebets<\/strong><\/p>\n<p>Zum ersten Anschlag der Glocke betet man: &#8222;Der Engel des Herrn brachte Maria die Botschaft und sie empfing vom Heiligen Geist&#8220;. Dann wird ein &#8222;Gegr\u00fc\u00dfet seist du Maria&#8220; gesprochen. Nach dem f\u00fcr dieses Gebet erforderlichen Zeitraum schl\u00e4gt die Glocke zum zweiten Mal an und parallel dazu zitiert man aus dem Lukas-Evangelium: &#8222;Maria sprach: Siehe, ich bin die Magd des Herrn, mir geschehe nach deinem Wort.&#8220; Es schlie\u00dft sich erneut ein &#8222;Gegr\u00fc\u00dfet seist du Maria&#8220; an. Zum dritten Glockenanschlag wird folgender Vers aus dem Johannesprolog gesprochen: &#8222;Und das Wort ist Fleisch geworden und hat unter uns gewohnt&#8220;. Danach betet man wiederum ein &#8222;Gegr\u00fc\u00dfet seist du Maria&#8220;. W\u00e4hrend die Glocke nun richtig zu l\u00e4uten beginnt, erfolgen eine kurze Anrufung an die Gottesmutter Maria und ein Schlussgebet, das die Dankbarkeit \u00fcber Menschwerdung, Leiden und Auferstehung Christi zum Ausdruck bringen will.<\/p>\n<p><strong>Geschichtliches zum Angelusl\u00e4uten<\/strong><\/p>\n<p>Das L\u00e4uten zu bestimmten Tageszeiten, wie das Angelusl\u00e4uten, hat sich im 13. Jahrhundert von den Klosterkirchen ausgehend verbreitet. In den Klostergemeinschaften gab und gibt es vielf\u00e4ltige Gebetszeiten. Davon haben im Leben der christlichen Gemeinde jedoch nur noch Laudes (zum Sonnenaufgang), Sext (gegen Mittag zur ehemals 6. Stunde) und Vesper (zur Abendd\u00e4mmerung) eine Bedeutung. Die Themeninhalte der Stundengebete, n\u00e4mlich Auferstehung, Kreuzigung und Menschwerdung, sind in kurzer, volkst\u00fcmlicher Form im Angelusgebet erhalten geblieben. Daher spricht man auch von einem &#8222;verk\u00fcrzten Volksbrevier&#8220;.<\/p>\n<p><strong>Nachdenkliches zum Glockenl\u00e4uten<\/strong><\/p>\n<p>Die Zeiten, in denen Glocken verstummten, gleich in welcher Region der Welt, gleich in welchem Jahrhundert, waren immer auch schlechte Zeiten f\u00fcr die Menschen.<\/p>\n<p>Diktatoren und Revolution\u00e4re brachten nicht nur die Glocke zum Verstummen.<\/p>\n<p>Das letzte und gravierendste Beispiel daf\u00fcr liegt uns sehr nahe und hat unsere Gesellschaft nachhaltig ver\u00e4ndert.<\/p>\n<p>Sechzig Jahre war im \u00f6stlichen Teil Deutschlands und in weiten Teilen Osteuropas der Atheismus &#8222;Die Staatsreligion&#8220;. Und jeder dieser Staaten hatte das ausdr\u00fcckliche Ziel: Die Vernichtung der christlichen Religion. Gleichzeitig wurde die Stimme der Glocke h\u00f6rbar leiser, mancherorts war sie g\u00e4nzlich verstummt, mit ihr die Menschen.<\/p>\n<p>Und von den Nazis war der Mord an Juden, Sintis und Romas auch nur als Probelauf f\u00fcr diejenigen gedacht, denen man zun\u00e4chst nur die Glocken &#8211; angeblich zu Kriegszwecken &#8211; wegnahm. Der wahre Grund f\u00fcr die Enteignung der Glocken war aber ein ganz anderer. Nach dem &#8222;Endsieg&#8220; sollten nach dem ausdr\u00fccklichen Willen der Nazis nur noch 12 Glocken in Deutschland l\u00e4uten: \u00dcber dem Reichstag in Berlin. Und auch bei uns ging das Schweigen der Glocken mit dem Stummwerden der Menschen und dem Dr\u00f6hnen der Kanonen Hand in Hand.<\/p>\n<p>&#8222;Da scheint es doch weit sinnvoller, wir besch\u00e4ftigen uns wieder mehr mit dem Sinn ihres L\u00e4utens und mit der Eindringlichkeit ihrer Botschaft, denn mit der angstvollen Ungewi\u00dfheit ihres Schweigens&#8220; schreibt der Bischof von Erfurt, Dr. Joachim Wanke, im R\u00fcckblick auf die wechselvolle Geschichte der Glocke. Und in der Tat. Die Glocke wird, dessen bin ich sicher, zu einem wichtigen Testfall f\u00fcr unsere Kultur im Gesamten Europas &#8222;erklingen&#8220;. werden. Denn wenn es der Ratio gelingen sollte, das &#8222;nutzlos Sch\u00f6ne&#8220; &#8211; wie der ber\u00fchmte rheinische Kunsthistoriker Heinrich L\u00fctzeler einmal formulierte &#8211; aus unserem Alltag zu verbannen, dann werden wir auch endlich vom &#8222;widrigen Geklingel&#8220; &#8211; wie Goethe im Faust Mephisto fluchen l\u00e4\u00dft &#8211; der Glocken befreit sein.<\/p>\n<p>Die Geschichte aber lehrt seit 5000 Jahren und dies ohne jede Ausnahme:<br \/>\n<strong>Schweigen Glocken, sind Leben, Freiheit und Menschlichkeit unmittelbar bedroht. Schweigend beklagten sie dann auch den Verlust von Toleranz und Menschenw\u00fcrde.<\/strong><\/p>\n","protected":false},"excerpt":{"rendered":"<p>Das L\u00e4uten der Kirchenglocken fr\u00fchmorgens, mittags und abends wird nach katholischer Tradition von einem Gebet begleitet, das &#8222;Angelus&#8220; genannt wird. Dieses Gebet beginnt mit &#8222;Der Engel des Herrn&#8220;, es hat nach den lateinischen Anfangsworten (= angelus domini) seinen Namen. Das &hellip; <a href=\"http:\/\/warndtdom.de\/?page_id=419\">Weiterlesen <span class=\"meta-nav\">&rarr;<\/span><\/a><\/p>\n","protected":false},"author":1,"featured_media":0,"parent":0,"menu_order":0,"comment_status":"closed","ping_status":"closed","template":"","meta":{"ngg_post_thumbnail":0,"footnotes":""},"class_list":["post-419","page","type-page","status-publish","hentry"],"_links":{"self":[{"href":"http:\/\/warndtdom.de\/index.php?rest_route=\/wp\/v2\/pages\/419","targetHints":{"allow":["GET"]}}],"collection":[{"href":"http:\/\/warndtdom.de\/index.php?rest_route=\/wp\/v2\/pages"}],"about":[{"href":"http:\/\/warndtdom.de\/index.php?rest_route=\/wp\/v2\/types\/page"}],"author":[{"embeddable":true,"href":"http:\/\/warndtdom.de\/index.php?rest_route=\/wp\/v2\/users\/1"}],"replies":[{"embeddable":true,"href":"http:\/\/warndtdom.de\/index.php?rest_route=%2Fwp%2Fv2%2Fcomments&post=419"}],"version-history":[{"count":5,"href":"http:\/\/warndtdom.de\/index.php?rest_route=\/wp\/v2\/pages\/419\/revisions"}],"predecessor-version":[{"id":902,"href":"http:\/\/warndtdom.de\/index.php?rest_route=\/wp\/v2\/pages\/419\/revisions\/902"}],"wp:attachment":[{"href":"http:\/\/warndtdom.de\/index.php?rest_route=%2Fwp%2Fv2%2Fmedia&parent=419"}],"curies":[{"name":"wp","href":"https:\/\/api.w.org\/{rel}","templated":true}]}}